{"id":2380,"date":"2022-07-21T11:44:39","date_gmt":"2022-07-21T09:44:39","guid":{"rendered":"https:\/\/ogt-wesselburen.de\/?page_id=2380"},"modified":"2025-06-26T13:01:21","modified_gmt":"2025-06-26T11:01:21","slug":"datenschutz","status":"publish","type":"page","link":"https:\/\/ogt-wesselburen.de\/?page_id=2380","title":{"rendered":"Datenschutz"},"content":{"rendered":"<p>[et_pb_section fb_built=&#8220;1&#8243; _builder_version=&#8220;4.16&#8243; background_image=&#8220;https:\/\/ogt-wesselburen.de\/wp-content\/uploads\/2022\/07\/notebook-lined-paper-texture-scaled.jpg&#8220; global_colors_info=&#8220;{}&#8220;][et_pb_row _builder_version=&#8220;4.16&#8243; global_colors_info=&#8220;{}&#8220;][et_pb_column type=&#8220;4_4&#8243; _builder_version=&#8220;4.16&#8243; global_colors_info=&#8220;{}&#8220;][et_pb_text _builder_version=&#8220;4.16&#8243; text_font=&#8220;||||||||&#8220; header_font=&#8220;||||||||&#8220; header_2_font=&#8220;Montserrat|700|||||||&#8220; header_2_text_color=&#8220;#b3433d&#8220; header_2_font_size=&#8220;45px&#8220; header_2_line_height=&#8220;1.2em&#8220; custom_padding=&#8220;|||30px&#8220; header_2_font_size_tablet=&#8220;32px&#8220; header_2_font_size_phone=&#8220;24px&#8220; header_2_font_size_last_edited=&#8220;on|phone&#8220; border_color_all=&#8220;#57a3d7&#8243; border_width_left=&#8220;5px&#8220; locked=&#8220;off&#8220; global_colors_info=&#8220;{}&#8220;]<\/p>\n<h2>Datenschutz<\/h2>\n<p>[\/et_pb_text][et_pb_text _builder_version=&#8220;4.16&#8243; text_font=&#8220;Lato||||||||&#8220; text_font_size=&#8220;20px&#8220; text_line_height=&#8220;1.8em&#8220; custom_margin=&#8220;|||30px&#8220; text_font_size_tablet=&#8220;16px&#8220; text_font_size_phone=&#8220;14px&#8220; text_font_size_last_edited=&#8220;on|phone&#8220; locked=&#8220;off&#8220; global_colors_info=&#8220;{}&#8220;]<\/p>\n<h1 class=\"entry-title main_title\">Datenschutzerkl\u00e4rung<\/h1>\n<div class=\"entry-content\">\n<p><strong>Datenschutzerkl\u00e4rung (Stand: Mai 2018)<\/strong><\/p>\n<p><strong>Wir freuen uns \u00fcber Ihr Interesse an unserem Webauftritt unter der URL www.ogt-wesselburen.de (nachfolgend \u201eWebsite\u201c genannt). Nachstehend informieren wir Sie ausf\u00fchrlich \u00fcber den Umgang mit Ihren Daten, soweit Sie unsere Services in Anspruch nehmen.<\/strong><\/p>\n<p><strong>1. Verantwortlichkeit<\/strong><\/p>\n<p><strong>Verantwortliche im Sinne des Datenschutzrechts ist der Verein Volkshochschulen in Dithmarschen e. V., gesetzlich vertreten durch Martin Gietzelt, S\u00fcderstr. 16, 25704 Meldorf, 04832 4243, mail@vhs-dithmarschen.de (nachfolgend \u201ewir\u201c genannt).<\/strong><\/p>\n<p><strong>2. Speicherung von Zugriffsdaten<\/strong><\/p>\n<p><strong>Bei jedem Zugriff auf unsere Website werden Zugriffsdaten in einer Protokolldatei auf dem Webserver unseres Providers gespeichert.<\/strong><\/p>\n<p><strong>Dieser Datensatz besteht aus<\/strong><\/p>\n<p><strong>\u2013 der IP-Adresse des anfragenden Endger\u00e4ts,<\/strong><br \/><strong>\u2013 Datum und Uhrzeit des Abrufs,<\/strong><br \/><strong>\u2013 dem Namen und der URL der angeforderten Datei,<\/strong><br \/><strong>\u2013 der \u00fcbertragenen Datenmenge,<\/strong><br \/><strong>\u2013 der Meldung, ob der Abruf erfolgreich war,<\/strong><br \/><strong>\u2013 Erkennungsdaten des verwendeten Browsers und Betriebssystems,<\/strong><br \/><strong>\u2013 Website, von der aus der Zugriff erfolgt, sowie<\/strong><br \/><strong>\u2013 dem Namen Ihres Internet-Zugangs-Providers.<\/strong><\/p>\n<p><strong>Die Erhebung dieser Daten ist aus technischen Gr\u00fcnden notwendig. Diese Daten erlauben uns selbst keinen R\u00fcckschluss auf Ihre Person. Eine Nutzung unserer Website ist ohne Bereitstellung Ihrer IP-Adresse technisch leider nicht m\u00f6glich.<\/strong><\/p>\n<p><strong>3. Cookies, Verwendung zur Gew\u00e4hrleistung der Benutzerfreundlichkeit<\/strong><\/p>\n<p><strong>Wir speichern auf dem Speichermedium Ihres Endger\u00e4ts Cookies, um den Besuch unserer Website attraktiv zu gestalten und die Nutzung bestimmter Funktionen zu erm\u00f6glichen. Dies dient unserem Vertriebsinteresse als berechtigtes Interesse.<\/strong><\/p>\n<p><strong>Cookies sind kleine Textdateien, die vom Webserver unseres Providers an den Browser Ihres Endger\u00e4ts versandt und auf diesem gespeichert werden. Die Cookies werden ben\u00f6tigt, um Sie z.B. nach erfolgreicher Anmeldung zu Ihrem Nutzerkonto f\u00fcr die gesamte Dauer Ihres Besuches identifizieren und autorisieren zu k\u00f6nnen. Sie werden auch dann ben\u00f6tigt, wenn Sie Angaben z.B. im Rahmen einer Anmeldung f\u00fcr einen Kurs machen, ohne sich registriert zu haben, um Ihnen die mehrmalige Eingabe Ihrer Daten zu ersparen. Diese Cookies werden nach Ende Ihrer Browser-Sitzung wieder vom Speichermedium Ihres Endger\u00e4ts gel\u00f6scht (sog. Sitzungs-Cookies).<\/strong><\/p>\n<p><strong>Meist ist der Browser Ihres Endger\u00e4ts so eingestellt, dass dieser die Erstellung und Speicherung von Cookies akzeptiert. Sie haben die M\u00f6glichkeit, Ihren Browser so einzurichten, dass er die Speicherung und Verwendung von Cookies generell oder f\u00fcr den Einzelfall ablehnt. In diesem Fall kann allerdings der Funktionsumfang unserer Website eingeschr\u00e4nkt sein.<\/strong><\/p>\n<p><strong>4. Gesetzliche und vertragliche Pflichten zur Bereitstellung<\/strong><\/p>\n<p><strong>Die Bereitstellung Ihrer Daten uns gegen\u00fcber ist weder vertraglich noch gesetzlich vorgeschrieben.<\/strong><\/p>\n<p><strong>5. Speicherdauer und L\u00f6schung von Daten<\/strong><\/p>\n<p><strong>Nach Vertragsabwicklung werden Ihre Daten gel\u00f6scht, es sei denn, es bestehen gesetzliche Aufbewahrungspflichten. In diesem Fall werden diese Daten bis zu 10 Jahre aufbewahrt. Ihre Daten werden f\u00fcr jegliche andere Verwendung au\u00dfer ggf. zul\u00e4ssiger Postwerbung gesperrt. Mitgeteilte Bankdaten werden nach Widerruf der Einzugserm\u00e4chtigung, erfolgreicher Bezahlung des Kursbeitrags bzw. bei Dauerlastschriftmandaten 36 Monate nach letztmaliger Inanspruchnahme gel\u00f6scht.<\/strong><\/p>\n<p><strong>Die Daten, die Sie uns bei Nutzung unseres Kontaktformulars bereitstellen, werden dann gel\u00f6scht, sobald die Kommunikation beendet beziehungsweise Ihr Anliegen vollst\u00e4ndig gekl\u00e4rt ist und diese Daten nicht zugleich zu Vertragszwecken erhoben worden sind. Kommunikation zu Rechtsanspr\u00fcchen wird bis zum Ende der Verj\u00e4hrung gespeichert.<\/strong><\/p>\n<p><strong>6. Weitergabe Ihrer Daten<\/strong><\/p>\n<p><strong>Wir geben Ihre Daten nur an Dritte weiter, wenn wir hierzu aufgrund des geltenden Rechts berechtigt oder verpflichtet sind. Gleiches gilt, wenn wir Ihre Daten von Dritten erhalten.<\/strong><\/p>\n<p><strong>Eine Berechtigung liegt auch dann vor, wenn Dritte die Daten in unserem Auftrag verarbeiten: Wenn wir unsere Gesch\u00e4ftst\u00e4tigkeiten (z.B. Betrieb der Website, Angebotsanpassung, Teilnehmersupport, Erstellen und Versenden von Werbematerial, Datenanalyse und gegebenenfalls Datenbereinigung, Zahlungsabwicklung) nicht selbst vornehmen, sondern von anderen Unternehmern vornehmen lassen, und diese T\u00e4tigkeiten mit der Verarbeitung Ihrer Daten verbunden ist, haben wir diese Unternehmen zuvor vertraglich verpflichtet, die Daten nur f\u00fcr die uns rechtlich erlaubten Zwecke zu verwenden. Wir sind befugt, diese Unternehmen insoweit zu kontrollieren.<\/strong><\/p>\n<p><strong>7. Datensicherheit<\/strong><\/p>\n<p><strong>Wir treffen alle notwendigen technischen und organisatorischen Sicherheitsma\u00dfnahmen, um Ihre personenbezogenen Daten vor Verlust und Missbrauch zu sch\u00fctzen. So werden Ihre Daten in einer sicheren Betriebsumgebung gespeichert, die der \u00d6ffentlichkeit nicht zug\u00e4nglich ist.<\/strong><\/p>\n<p><strong>Bitte beachten Sie, dass bei der Kommunikation per E-Mail keine vollst\u00e4ndige Vertraulichkeit und Datensicherheit gew\u00e4hrleistet ist. Wir empfehlen daher bei vertraulichen Informationen den Postweg.<\/strong><\/p>\n<p><strong>8. Ihre Rechte (Auskunft, Berichtigung, Sperrung, L\u00f6schung, Widerspruch, Widerruf, \u00dcbertragung, Beschwerde)<\/strong><\/p>\n<p><strong>Sie haben jederzeit das Recht, unentgeltlich Auskunft dar\u00fcber zu erhalten, welche Daten \u00fcber Sie bei uns gespeichert sind und zu welchem Zweck die Speicherung erfolgt. Ferner k\u00f6nnen Sie den Datenverarbeitungen widersprechen und Ihre Daten durch uns auf jemand anderen \u00fcbertragen lassen. Dar\u00fcber hinaus sind Sie berechtigt, unrichtige Daten korrigieren und Daten sperren oder l\u00f6schen zu lassen, soweit die Speicherung unzul\u00e4ssig oder nicht mehr erforderlich ist. Zudem haben Sie das Recht, erteilte Einwilligungen mit Wirkung f\u00fcr die Zukunft zu widerrufen. Ihr jeweiliges Anliegen k\u00f6nnen Sie durch Nutzung der in Ziff. 1 genannten Kontaktdaten an uns richten.<\/strong><br \/><strong>Neben den zuvor genannten Rechten haben Sie au\u00dferdem grunds\u00e4tzlich das Recht, sich bei einer Datenschutzaufsichtsbeh\u00f6rde zu beschweren.<\/strong><\/p>\n<p><strong>9. Crisp<\/strong><\/p>\n<p><strong>Der Live-Chat wird von Crisp IM (<a class=\"o-link o-link-uri\" href=\"https:\/\/crisp.chat\/\" target=\"_blank\" rel=\"noopener noreferrer\">https:\/\/crisp.chat<\/a>) zur Verf\u00fcgung gestellt. Die Nutzung des Live-Chats unterliegt den Bestimmungen und Bedingungen (abrufbar unter\u00a0<a class=\"o-link o-link-uri\" href=\"https:\/\/crisp.chat\/de\/terms\/\" target=\"_blank\" rel=\"noopener noreferrer\">https:\/\/crisp.chat\/de\/terms\/<\/a>) und der Datenschutzerkl\u00e4rung (abrufbar unter\u00a0<a class=\"o-link o-link-uri\" href=\"https:\/\/crisp.chat\/de\/privacy\/\" target=\"_blank\" rel=\"noopener noreferrer\">https:\/\/crisp.chat\/de\/privacy\/<\/a>) das Live-Chat-Anbieters.<\/strong><\/p>\n<p><strong>10. Kontaktdaten unseres Datenschutzbeauftragten<\/strong><\/p>\n<p><strong>Die Kontaktdaten unseres Datenschutzbeauftragten lauten:<\/strong><br \/><strong><a href=\"mailto:datenschutz@vhs-dithmarschen.de\">datenschutz@vhs-dithmarschen.de<\/a><\/strong><\/p>\n<\/div>\n<p>[\/et_pb_text][\/et_pb_column][\/et_pb_row][\/et_pb_section][et_pb_section fb_built=&#8220;1&#8243; admin_label=&#8220;Footer&#8220; _builder_version=&#8220;4.16&#8243; background_image=&#8220;https:\/\/ogt-wesselburen.de\/wp-content\/uploads\/2022\/07\/notebook-lined-paper-texture-scaled.jpg&#8220; custom_padding=&#8220;0||0px||false|false&#8220; global_colors_info=&#8220;{}&#8220;][et_pb_row _builder_version=&#8220;4.16&#8243; custom_padding=&#8220;0|0px|0|0px|false|false&#8220; locked=&#8220;off&#8220; global_colors_info=&#8220;{}&#8220;][et_pb_column type=&#8220;4_4&#8243; _builder_version=&#8220;4.16&#8243; custom_padding=&#8220;|||&#8220; global_colors_info=&#8220;{}&#8220; custom_padding__hover=&#8220;|||&#8220;][et_pb_image src=&#8220;https:\/\/ogt-wesselburen.de\/wp-content\/uploads\/2022\/06\/Kreis-1.png&#8220; title_text=&#8220;Kreis&#8220; align=&#8220;right&#8220; _builder_version=&#8220;4.16&#8243; max_width_tablet=&#8220;100px&#8220; max_width_phone=&#8220;&#8220; max_width_last_edited=&#8220;on|tablet&#8220; animation_style=&#8220;roll&#8220; animation_direction=&#8220;bottom&#8220; animation_intensity_roll=&#8220;3%&#8220; always_center_on_mobile=&#8220;off&#8220; global_colors_info=&#8220;{}&#8220;][\/et_pb_image][\/et_pb_column][\/et_pb_row][\/et_pb_section][et_pb_section fb_built=&#8220;1&#8243; _builder_version=&#8220;4.16&#8243; background_color=&#8220;#57a3d7&#8243; global_colors_info=&#8220;{}&#8220;][et_pb_row column_structure=&#8220;1_3,1_3,1_3&#8243; _builder_version=&#8220;4.16&#8243; global_colors_info=&#8220;{}&#8220;][et_pb_column type=&#8220;1_3&#8243; _builder_version=&#8220;4.16&#8243; global_colors_info=&#8220;{}&#8220;][et_pb_text _builder_version=&#8220;4.16&#8243; text_font=&#8220;Merriweather|700|||||||&#8220; text_text_color=&#8220;#ffffff&#8220; text_font_size=&#8220;18px&#8220; header_4_font=&#8220;Merriweather|700|||||||&#8220; header_4_text_color=&#8220;#d26942&#8243; header_4_font_size=&#8220;20px&#8220; global_colors_info=&#8220;{}&#8220;]<\/p>\n<h4>Kontakt<\/h4>\n<p>Tel. : 04833 1883<\/p>\n<p>Handy:\u00a0 0152 52313606<\/p>\n<p><a href=\"mailto:ogt-wesselburen@vhs-dithmarschen.de\">ogt-wesselburen@vhs-dithmarschen.de<\/a><\/p>\n<p>[\/et_pb_text][\/et_pb_column][et_pb_column type=&#8220;1_3&#8243; _builder_version=&#8220;4.16&#8243; global_colors_info=&#8220;{}&#8220;][et_pb_text _builder_version=&#8220;4.16&#8243; text_font=&#8220;Merriweather|700|||||||&#8220; text_font_size=&#8220;20px&#8220; global_colors_info=&#8220;{}&#8220;]<\/p>\n<p><a href=\"https:\/\/ogt-wesselburen.de\/wp-admin\/post.php?post=95&amp;action=edit\">Impressum<\/a><\/p>\n<p>[\/et_pb_text][et_pb_text _builder_version=&#8220;4.16&#8243; text_font=&#8220;Merriweather|700|||||||&#8220; text_font_size=&#8220;20px&#8220; global_colors_info=&#8220;{}&#8220;]<\/p>\n<p><a href=\"https:\/\/ogt-wesselburen.de\/?page_id=1135&amp;preview_id=1135&amp;preview_nonce=09b8e6d107&amp;_thumbnail_id=-1&amp;preview=true\">Datenschutz<\/a><\/p>\n<p>[\/et_pb_text][\/et_pb_column][et_pb_column type=&#8220;1_3&#8243; _builder_version=&#8220;4.16&#8243; global_colors_info=&#8220;{}&#8220;][et_pb_text _builder_version=&#8220;4.16&#8243; text_font=&#8220;|600|||||||&#8220; text_font_size=&#8220;20px&#8220; global_colors_info=&#8220;{}&#8220;]<\/p>\n<p><a href=\"https:\/\/ogt-wesselburen.de\/?page_id=16\">Partner &amp; Website Empfehlungen<\/a><\/p>\n<p>[\/et_pb_text][\/et_pb_column][\/et_pb_row][\/et_pb_section]<\/p>\n","protected":false},"excerpt":{"rendered":"<p>DatenschutzDatenschutzerkl\u00e4rung Datenschutzerkl\u00e4rung (Stand: Mai 2018) Wir freuen uns \u00fcber Ihr Interesse an unserem Webauftritt unter der URL www.ogt-wesselburen.de (nachfolgend \u201eWebsite\u201c genannt). Nachstehend informieren wir Sie ausf\u00fchrlich \u00fcber den Umgang mit Ihren Daten, soweit Sie unsere Services in Anspruch nehmen. 1. Verantwortlichkeit Verantwortliche im Sinne des Datenschutzrechts ist der Verein Volkshochschulen in Dithmarschen e. V., gesetzlich [&hellip;]<\/p>\n","protected":false},"author":13,"featured_media":0,"parent":0,"menu_order":0,"comment_status":"closed","ping_status":"closed","template":"","meta":{"_et_pb_use_builder":"on","_et_pb_old_content":"","_et_gb_content_width":"","footnotes":""},"class_list":["post-2380","page","type-page","status-publish","hentry"],"_links":{"self":[{"href":"https:\/\/ogt-wesselburen.de\/index.php?rest_route=\/wp\/v2\/pages\/2380","targetHints":{"allow":["GET"]}}],"collection":[{"href":"https:\/\/ogt-wesselburen.de\/index.php?rest_route=\/wp\/v2\/pages"}],"about":[{"href":"https:\/\/ogt-wesselburen.de\/index.php?rest_route=\/wp\/v2\/types\/page"}],"author":[{"embeddable":true,"href":"https:\/\/ogt-wesselburen.de\/index.php?rest_route=\/wp\/v2\/users\/13"}],"replies":[{"embeddable":true,"href":"https:\/\/ogt-wesselburen.de\/index.php?rest_route=%2Fwp%2Fv2%2Fcomments&post=2380"}],"version-history":[{"count":4,"href":"https:\/\/ogt-wesselburen.de\/index.php?rest_route=\/wp\/v2\/pages\/2380\/revisions"}],"predecessor-version":[{"id":3149,"href":"https:\/\/ogt-wesselburen.de\/index.php?rest_route=\/wp\/v2\/pages\/2380\/revisions\/3149"}],"wp:attachment":[{"href":"https:\/\/ogt-wesselburen.de\/index.php?rest_route=%2Fwp%2Fv2%2Fmedia&parent=2380"}],"curies":[{"name":"wp","href":"https:\/\/api.w.org\/{rel}","templated":true}]}}